s -117324 + -3?
-117327
In base 13, what is -5 - -2bb7?
2bb2
In base 9, what is -174 - 7?
-182
In base 12, what is -1 + 0?
-1
In base 15, what is 2b - 9c?
-71
In base 10, what is -4 - 32?
-36
In base 3, what is -22001 + 1011?
-20220
In base 14, what is -6 + -73?
-79
In base 8, what is -2 - -151?
147
In base 8, what is 2 - 37?
-35
In base 11, what is -1477 + -3?
-147a
In base 3, what is -11 + -22201?
-22212
In base 5, what is -2100 - -12?
-2033
In base 12, what is 0 - a03?
-a03
In base 12, what is -2 - 125?
-127
In base 10, what is 840 + -4?
836
In base 7, what is 162 + -15?
144
In base 7, what is -2 - 4263?
-4265
In base 7, what is -125 + -10?
-135
In base 12, what is -ab4 - -1?
-ab3
In base 8, what is -5 - 14?
-21
In base 14, what is -2 - -2a36?
2a34
In base 8, what is 22602 - 0?
22602
In base 4, what is -13 + -101?
-120
In base 12, what is 4 + -250?
-248
In base 16, what is 3f - -20?
5f
In base 2, what is 100 - 1000010101110?
-1000010101010
In base 12, what is -10 + -9a2?
-9b2
In base 12, what is -2 - 325?
-327
In base 12, what is 3 - 3b?
-38
In base 5, what is -41 + -3?
-44
In base 6, what is 14 - -13?
31
In base 2, what is -11 - -1010110000?
1010101101
In base 15, what is -1170 + 0?
-1170
In base 9, what is 55 - -3?
58
In base 16, what is -14c - 0?
-14c
In base 9, what is 5 - -208?
214
In base 12, what is -14 - 4?
-18
In base 15, what is -a - 2e?
-39
In base 13, what is 363 - 2?
361
In base 15, what is 1 + -b8e?
-b8d
In base 5, what is 3 + 302?
310
In base 6, what is -10012 - 2?
-10014
In base 16, what is -4 + -17?
-1b
In base 3, what is -12 - -1101?
1012
In base 3, what is 1 - -121210?
121211
In base 7, what is 5 + -1501?
-1463
In base 13, what is -4999 - 4?
-49a0
In base 11, what is 241 - 5?
237
In base 10, what is -9 - -63?
54
In base 11, what is 5 - -216?
220
In base 11, what is -6 - 5?
-10
In base 10, what is -16 + -897?
-913
In base 16, what is -6e - -b?
-63
In base 4, what is -10 - 3120?
-3130
In base 6, what is 5 - -153?
202
In base 3, what is 10 - -10101211?
10101221
In base 5, what is 2 - 43?
-41
In base 8, what is -111 - 1?
-112
In base 11, what is 161 + -2?
15a
In base 11, what is 3 + -332?
-32a
In base 4, what is 11 - -1232?
1303
In base 15, what is -10 + -2c?
-3c
In base 4, what is -11 + -233?
-310
In base 11, what is -1 - -328?
327
In base 12, what is 20 - -85?
a5
In base 4, what is 122 + -3?
113
In base 7, what is -214 - -15?
-166
In base 4, what is 1000223 + 1?
1000230
In base 11, what is -1091 + -6?
-1097
In base 11, what is -109 - -3?
-106
In base 5, what is -1 + -14?
-20
In base 8, what is -170 - -1?
-167
In base 14, what is c + -1a?
-c
In base 7, what is 1132 + 5?
1140
In base 8, what is -34 + 1076?
1042
In base 16, what is -2 - fe?
-100
In base 3, what is -1120 - 2?
-1122
In base 14, what is -57 - -51?
-6
In base 15, what is -174 + -7?
-17b
In base 15, what is 1c9 + 3?
1cc
In base 16, what is -7 - -1b?
14
In base 11, what is 122 + 21?
143
In base 12, what is 21a - 2?
218
In base 3, what is -11 + 1011?
1000
In base 9, what is 500 - 3?
486
In base 7, what is -13 - 1610?
-1623
In base 15, what is -5 + -10?
-15
In base 13, what is 15c - 7?
155
In base 9, what is -14 + -116?
-131
In base 11, what is -a - -3?
-7
In base 13, what is -c99 + 0?
-c99
In base 14, what is -1 + b58?
b57
In base 6, what is 1 + -1001?
-1000
In base 7, what is 1 - -55?
56
In base 2, what is -111010 - -101001111?
100010101
In base 16, what is -7 + -4?
-b
In base 3, what is -11 + -22101?
-22112
In base 9, what is -6 - -1436?
1430
In base 11, what is -1 - -36?
35
In base 8, what is 4 + 4140?
4144
In base 6, what is -5 - -25?
20
In base 13, what is -84a6 + -3?
-84a9
In base 11, what is 4 - -31a1?
31a5
In base 5, what is -2 - 242?
-244
In base 15, what is 3 - -42?
45
In base 12, what is -8b9 + 1?
-8b8
In base 6, what is 4 + 1032?
1040
In base 6, what is -50 - 42?
-132
In base 6, what is -131501 - -4?
-131453
In base 16, what is -1a6a - -1?
-1a69
In base 6, what is -2 + -40404?
-40410
In base 5, what is -204 + 44?
-110
In base 14, what is -1 + 82?
81
In base 11, what is -43 - 124?
-167
In base 13, what is ca + 1?
cb
In base 15, what is -63 + 2?
-61
In base 3, what is 21 - -221?
1012
In base 10, what is 304 - 5?
299
In base 5, what is 2 - 211?
-204
In base 15, what is 4 + -70?
-6b
In base 6, what is -4 - -2131?
2123
In base 2, what is -10000010 + 10100101?
100011
In base 13, what is 15c9 - b?
15bb
In base 3, what is 200 + 1122?
2022
In base 10, what is -6 + 18?
12
In base 4, what is 11330 + -3?
11321
In base 12, what is a + 189?
197
In base 8, what is 1033 + 3?
1036
In base 5, what is 10 - -434?
444
In base 14, what is -8 - 6?
-10
In base 14, what is 26a1 - -5?
26a6
In base 9, what is -210 + -61?
-271
In base 2, what is 1 - -1011111100?
1011111101
In base 3, what is -1000 - 10?
-1010
In base 13, what is -152 - 1?
-153
In base 10, what is 59 - 4?
55
In base 9, what is -13 - 1?
-14
In base 4, what is -10 + -22102?
-22112
In base 14, what is 1 + -294?
-293
In base 3, what is -10 + 2122?
2112
In base 6, what is 331222 + 2?
331224
In base 6, what is 523 - 1?
522
In base 14, what is -10 - 6?
-16
In base 9, what is -4 - 321?
-325
In base 3, what is 1102 - -2110?
10212
In base 11, what is -1 + -20?
-21
In base 11, what is -112 + 4?
-109
In base 11, what is -548 - 5?
-552
In base 12, what is -5 - -6a?
65
In base 10, what is 15 + 565?
580
In base 4, what is 10011221 + 2?
10011223
In base 6, what is 104 - -130?
234
In base 10, what is 2 + 14?
16
In base 8, what is -2 - 1061?
-1063
In base 5, what is -10 - 1314?
-1324
In base 11, what is a1 + -5?
97
In base 10, what is -314 + 0?
-314
In base 7, what is -3105 - 20?
-3125
In base 3, what is 2 + 10212?
10221
In base 12, what is -3 - -37?
34
In base 11, what is 2 + -a00?
-9a9
In base 4, what is 1 + 301330?
301331
In base 8, what is -552 - -4?
-546
In base 13, what is -955 + 1?
-954
In base 13, what is -96 + 4?
-92
In base 7, what is 141 - 103?
35
In base 8, what is 41 + -14?
25
In base 13, what is -21 - 2?
-23
In base 4, what is 30300 - -11?
30311
In base 9, what is -112 + -13?
-125
In base 6, what is 2515 - 4?
2511
In base 12, what is -5 + -a7?
-b0
In base 6, what is 5 + -14?
-5
In base 16, what is 50 + -5?
4b
In base 14, what is 4 + 93?
97
In base 9, what is -1475 + -3?
-1478
In base 10, what is -1020 - -1?
-1019
In base 10, what is 4 - -699?
703
In base 11, what is -5575 - -4?
-5571
In base 2, what is -1 + -11100011?
-11100100
In base 15, what is 169a + -2?
1698
In base 4, what is -1 + 110030?
110023
In base 13, what is 57 + -12?
45
In base 12, what is 6 - -ab?
b5
In base 6, what is -53 - 132?
-225
In base 8, what is 24 - -34?
60
In base 6, what is 3450 - 55?
3351
In base 3, what is 1011 + 21201?
22212
In base 15, what is -34 + -e?
-43
In base 16, what is 7 + -6e1?
-6da
In base 4, what is -21 - 31221?
-31302
In base 4, what is 10203 + -2?
10201
In base 11, what is 4 + -1269?
-1265
In base 9, what is -2 - -2625?
2623
In base 14, what is 100 + -5?
d9
In base 14, what is 94 + -31?
63
In base 3, what is 10 - 11?
-1
In base 12, what is -17944 - 0?
-17944
In base 6, what is -125 - 32?
-201
In base 4, what is -33 - 12?
-111
In base 10, what is -816 + 1?
-815
In base 14, what is -18 + 14?
-4
In base 10, what is 3 - 78?
-75
In base 12, what is -127 - 21?
-148
In base 15, what is 276 + -4?
272
In base 14, what is 0 + -37c?
-37c
In base 14, what is -a2 + -b?
-ad
In base 10, what is 43 + 17?
60
In base 10, what is 52 + 1?
53
In base 8, what is -3 + 37?
34
In base 3, what is -12 + -11020200?
-11020212
In base 2, what is -110 + -1010000?
-1010110
In base 16, what is -10 + 25?
15
In base 10, what is 16 - 5?
11
In base 11, what is 296 - -22?
308
In base 10, what is -13 + -17?
-30
In base 16, what is 177 + -d?
16a
In base 7, what is 232 + -43?
156
In base 12, what is 14 - 50?
-38
In base 2, what is 100 + 11001111?
11010011
In base 15, what is -6b + -4?
-70
In base 13, what is -5 - 4a2?
-4a7
In base 9, what is -10250 - -3?
-10246
In base 15, what is 4 - -5c?
61
In base 13, what is 28 + -3?
25
In base 3, what is 0 + -100100?
-100100
In base 10, what is 242 + -2?
240
In base 8, what is 3 - 546?
-543
In base 3, what is 221 + -2121?
-1200
In base 4, what is -2 - -131?
123
In base 9, what is 24 - -1872?
2006
In base 9, what is -2 + -17?
